9
List the prime factors of 762692968.
2, 1019, 93559
What are the prime factors of 202940234?
2, 7, 14495731
List the prime factors of 2655417049.
7129, 372481
What are the prime factors of 142231648?
2, 13, 53, 6451
List the prime factors of 2483419217.
2483419217
What are the prime factors of 1130619232?
2, 35331851
List the prime factors of 1384002400.
2, 5, 11, 157273
What are the prime factors of 1222051875?
3, 5, 11, 193, 307
List the prime factors of 493747915.
5, 17, 5808799
What are the prime factors of 890838486?
2, 3, 1833001
What are the prime factors of 2842342282?
2, 13, 109320857
List the prime factors of 4128401001.
3, 1376133667
What are the prime factors of 1667590314?
2, 3, 13, 21379363
What are the prime factors of 937849612?
2, 7, 4784947
What are the prime factors of 4582890?
2, 3, 5, 13, 3917
What are the prime factors of 178135643?
7, 1409, 18061
List the prime factors of 980508145.
5, 31, 43, 131, 1123
What are the prime factors of 12866503?
13, 43, 23017
What are the prime factors of 1766876459?
1766876459
List the prime factors of 43557442.
2, 21778721
List the prime factors of 1371679301.
281, 4881421
List the prime factors of 210573942.
2, 3, 1697, 20681
What are the prime factors of 233930234?
2, 17, 43, 53, 3019
List the prime factors of 1544145745.
5, 29, 10649281
List the prime factors of 311343491.
17, 18314323
List the prime factors of 1346052922.
2, 29, 31, 748639
What are the prime factors of 593322942?
2, 3, 919, 107603
List the prime factors of 3222998318.
2, 61, 26418019
List the prime factors of 58382248.
2, 7297781
What are the prime factors of 2101911026?
2, 367, 1061, 2699
What are the prime factors of 199918316?
2, 13, 3844583
What are the prime factors of 205777337?
12391, 16607
What are the prime factors of 3153770924?
2, 37, 21309263
List the prime factors of 529475371.
529475371
List the prime factors of 950241810.
2, 3, 5, 7, 646423
List the prime factors of 33441111.
3, 11, 47, 7187
What are the prime factors of 1535716173?
3, 19, 26942389
List the prime factors of 2902486537.
6529, 444553
List the prime factors of 42707504.
2, 7, 23, 59, 281
List the prime factors of 119455407.
3, 13272823
List the prime factors of 176267385.
3, 5, 7, 163, 3433
What are the prime factors of 4070236409?
12601, 323009
List the prime factors of 1379487408.
2, 3, 13, 157, 14081
What are the prime factors of 1732091124?
2, 3, 144340927
List the prime factors of 137952369.
3, 19, 268913
What are the prime factors of 766977972?
2, 3, 63914831
List the prime factors of 88297648.
2, 1901, 2903
What are the prime factors of 52513943?
71, 739633
What are the prime factors of 82652729?
197, 419557
What are the prime factors of 313830200?
2, 5, 17, 241, 383
What are the prime factors of 85219279?
31, 41, 67049
What are the prime factors of 14122040?
2, 5, 41, 79, 109
List the prime factors of 4056210266.
2, 2028105133
What are the prime factors of 9965858?
2, 7, 711847
What are the prime factors of 18432512?
2, 7, 37, 139
List the prime factors of 1190808890.
2, 5, 31, 43, 157, 569
What are the prime factors of 214797692?
2, 83, 646981
What are the prime factors of 1644256450?
2, 5, 32885129
What are the prime factors of 923468185?
5, 1987, 92951
List the prime factors of 93554064.
2, 3, 23, 47, 601
What are the prime factors of 52522784?
2, 97, 16921
What are the prime factors of 5211911132?
2, 1302977783
List the prime factors of 12276473.
11, 491, 2273
List the prime factors of 57044920.
2, 5, 1426123
What are the prime factors of 2009468950?
2, 5, 197, 204007
What are the prime factors of 724218434?
2, 23, 509, 30931
What are the prime factors of 115625145?
3, 5, 419, 18397
What are the prime factors of 423486839?
19, 101, 220681
List the prime factors of 980431851.
3, 7, 59, 791309
What are the prime factors of 124403138?
2, 62201569
What are the prime factors of 78916117?
7, 1610533
What are the prime factors of 44298906?
2, 3, 17, 434303
What are the prime factors of 357386210?
2, 5, 35738621
What are the prime factors of 327246439?
13, 25172803
What are the prime factors of 15025176?
2, 3, 59, 131
List the prime factors of 259484567.
9337, 27791
List the prime factors of 3226868845.
5, 645373769
List the prime factors of 14012799.
3, 127, 36779
List the prime factors of 75685138.
2, 163, 179, 1297
What are the prime factors of 5442798814?
2, 139, 19578413
List the prime factors of 13154623.
2179, 6037
List the prime factors of 71562418.
2, 17, 131, 16067
What are the prime factors of 4379663657?
23, 131, 787, 1847
What are the prime factors of 558649769?
558649769
List the prime factors of 581241505.
5, 13, 8942177
What are the prime factors of 30531122?
2, 131, 116531
What are the prime factors of 726135260?
2, 5, 479, 75797
List the prime factors of 8283125173.
103, 311, 258581
What are the prime factors of 82872128?
2, 23, 56299
What are the prime factors of 1087920735?
3, 5, 11, 127, 193, 269
List the prime factors of 5742852222.
2, 3, 957142037
What are the prime factors of 3192147830?
2, 5, 319214783
List the prime factors of 5433854.
2, 2716927
What are the prime factors of 1420937505?
3, 5, 13, 29, 27919
What are the prime factors of 47477616?
2, 3, 31, 31907
List the prime factors of 160218382.
2, 80109191
List the prime factors of 430516112.
2, 13, 641, 3229
List the prime factors of 53701456.
2, 3356341
What are the prime factors of 3486275341?
347, 10046903
What are the prime factors of 34010752?
2, 265709
List the prime factors of 485719028.
2, 29, 4187233
List the prime factors of 3094025844.
2, 3, 7, 13, 59, 48023
List the prime factors of 152538235.
5, 37, 824531
List the prime factors of 241197011.
11, 53, 71, 5827
List the prime factors of 240154814.
2, 631, 190297
What are the prime factors of 39438279?
3, 233, 6269
What are the prime factors of 118712790?
2, 3, 5, 7, 997
What are the prime factors of 96891479?
23, 139, 30307
What are the prime factors of 58905007?
7, 79, 15217
What are the prime factors of 83793233?
89, 131, 7187
What are the prime factors of 77297482?
2, 38648741
List the prime factors of 164286136.
2, 7, 2933681
List the prime factors of 359752992.
2, 3, 19, 197233
List the prime factors of 4668340562.
2, 2334170281
What are the prime factors of 1935302676?
2, 3, 161275223
What are the prime factors of 25028663?
11, 2275333
List the prime factors of 103854549.
3, 34618183
What are the prime factors of 341936573?
11, 37, 840139
List the prime factors of 35162571.
3, 751, 15607
What are the prime factors of 282718376?
2, 35339797
What are the prime factors of 2015927357?
4057, 496901
List the prime factors of 12702835.
5, 2540567
List the prime factors of 146951826.
2, 3, 7, 3498853
List the prime factors of 59652866.
2, 7, 13, 31, 97, 109
What are the prime factors of 148110912?
2, 3, 47, 5471
What are the prime factors of 531877928?
2, 79, 421, 1999
List the prime factors of 44246896.
2, 19, 145549
What are the prime factors of 3220329634?
2, 2741, 587437
List the prime factors of 3795827870.
2, 5, 4723, 80369
List the prime factors of 403064862.
2, 3, 67177477
What are the prime factors of 90407520?
2, 3, 5, 7, 8969
What are the prime factors of 2557446000?
2, 3, 5, 17, 25073
List the prime factors of 452596818.
2, 3, 75432803
List the prime factors of 51291939.
3, 17097313
What are the prime factors of 320147709?
3, 7, 571, 26699
What are the prime factors of 32455510?
2, 5, 3245551
List the prime factors of 4669175445.
3, 5, 11, 28298033
List the prime factors of 2459121935.
5, 23, 37, 577937
List the prime factors of 108329084.
2, 67, 404213
What are the prime factors of 8619032550?
2, 3, 5, 57460217
What are the prime factors of 2428028871?
3, 1619, 499903
List the prime factors of 1027559839.
3037, 338347
List the prime factors of 98305887.
3, 23, 1424723
List the prime factors of 199701660.
2, 3, 5, 97, 34313
What are the prime factors of 99598831?
947, 105173
What are the prime factors of 3359002811?
241, 13937771
List the prime factors of 2200332706.
2, 11, 13, 157, 49003
List the prime factors of 915563211.
3, 305187737
List the prime factors of 72864737.
11, 17, 389651
What are the prime factors of 368334448?
2, 23020903
List the prime factors of 108747591.
3